0.
4
Calculate the greatest common factor of 44 and 261591.
11
What is the greatest common divisor of 30 and 352570?
10
What is the greatest common factor of 108 and 1743372?
36
Calculate the greatest common divisor of 3865 and 1554503.
773
What is the highest common divisor of 1150271 and 852?
71
Calculate the highest common divisor of 258594 and 126.
42
What is the highest common divisor of 126092 and 232?
116
Calculate the greatest common divisor of 2822 and 123338.
166
What is the greatest common factor of 516167 and 212?
53
What is the highest common divisor of 6835 and 690?
5
What is the highest common factor of 2080 and 70096?
208
What is the highest common divisor of 24084 and 324?
108
What is the greatest common divisor of 123263 and 14?
7
What is the highest common divisor of 533 and 1927?
41
What is the highest common factor of 2608 and 72698?
326
Calculate the greatest common divisor of 2104 and 4376.
8
What is the highest common divisor of 28 and 216454?
14
What is the greatest common divisor of 953640 and 360?
360
Calculate the greatest common divisor of 15407 and 213.
71
What is the highest common factor of 824300 and 12?
4
Calculate the highest common factor of 133078 and 22.
22
What is the highest common factor of 232016 and 119?
17
What is the highest common factor of 4392231 and 2274?
1137
What is the highest common divisor of 32 and 1328?
16
Calculate the greatest common factor of 734994 and 6.
6
Calculate the greatest common factor of 8381 and 1207.
17
Calculate the highest common divisor of 120699 and 18.
9
Calculate the highest common factor of 48 and 1986.
6
Calculate the highest common factor of 705707 and 158.
79
What is the greatest common divisor of 1016272 and 76?
76
Calculate the greatest common factor of 178253 and 7543.
397
Calculate the highest common divisor of 972 and 539946.
486
What is the greatest common factor of 29194 and 110?
22
What is the highest common factor of 16258 and 2629?
11
What is the highest common factor of 64039 and 34?
17
What is the greatest common divisor of 405 and 49485?
15
What is the greatest common factor of 11803 and 2407?
29
What is the highest common divisor of 6375 and 63138?
51
Calculate the highest common factor of 3718 and 15002.
26
Calculate the highest common factor of 18948 and 324.
12
Calculate the greatest common divisor of 592 and 64.
16
What is the greatest common divisor of 110549 and 2043?
227
What is the greatest common factor of 830 and 14310?
10
Calculate the highest common divisor of 1363 and 2517461.
1363
Calculate the highest common divisor of 153 and 146659.
17
Calculate the greatest common divisor of 265 and 470905.
265
What is the highest common divisor of 1378845 and 117?
117
What is the highest common divisor of 34 and 2458?
2
Calculate the highest common factor of 597958 and 340.
34
What is the greatest common factor of 2977 and 2925?
13
Calculate the highest common factor of 324 and 180.
36
Calculate the highest common divisor of 7152 and 11324.
596
Calculate the greatest common divisor of 4579 and 627.
19
What is the highest common factor of 5 and 612265?
5
What is the greatest common factor of 92780 and 140?
20
What is the greatest common divisor of 49231 and 91?
91
What is the highest common factor of 102443 and 76450?
1529
What is the highest common factor of 1536479 and 1103?
1103
What is the greatest common divisor of 40 and 5085?
5
What is the greatest common divisor of 221551 and 363?
121
Calculate the highest common divisor of 16576 and 70.
14
What is the highest common factor of 1880425 and 25?
25
Calculate the greatest common factor of 300 and 4412500.
100
What is the highest common divisor of 7991 and 393?
131
What is the greatest common factor of 870 and 1796840?
290
What is the greatest common divisor of 5620 and 60?
20
Calculate the greatest common factor of 29448 and 14688.
72
What is the greatest common divisor of 252 and 272496?
84
Calculate the greatest common divisor of 1227442 and 244.
122
What is the highest common divisor of 66 and 279466?
22
What is the greatest common factor of 201 and 867717?
201
Calculate the greatest common divisor of 4785 and 119130.
165
What is the highest common factor of 124 and 366327?
31
What is the greatest common divisor of 1978 and 1288?
46
What is the highest common factor of 270703 and 842?
421
What is the highest common divisor of 2550 and 55680?
30
What is the greatest common divisor of 8310 and 20?
10
Calculate the greatest common factor of 5928 and 80522.
494
What is the greatest common divisor of 248 and 55459?
31
Calculate the greatest common factor of 431184 and 39.
39
What is the greatest common factor of 3680 and 12160?
160
What is the greatest common factor of 247788 and 72?
36
What is the greatest common factor of 2916 and 187380?
108
What is the greatest common divisor of 4144 and 7728?
112
Calculate the highest common divisor of 935 and 306.
17
What is the highest common factor of 180790 and 358?
358
What is the greatest common divisor of 10730 and 174?
58
What is the highest common divisor of 844542 and 414?
18
What is the greatest common factor of 316 and 916?
4
Calculate the highest common divisor of 134780 and 184.
92
Calculate the highest common divisor of 33 and 2294457.
33
What is the highest common divisor of 22814 and 25058?
374
Calculate the highest common divisor of 168 and 57092.
28
Calculate the highest common divisor of 9504 and 351.
27
Calculate the greatest common factor of 537006 and 6.
6
What is the greatest common factor of 59937 and 2?
1
Calculate the highest common factor of 76976 and 17680.
272
What is the greatest common factor of 31407 and 57?
57
Calculate the highest common factor of 9120 and 72276.
228
Calculate the highest common divisor of 1824 and 12426.
114
What is the highest common divisor of 863766 and 2538?
846
Calculate the highest common divisor of 569 and 17647535.
569
Calculate the greatest common factor of 99 and 16683.
3
Calculate the highest common divisor of 9447 and 54069.
201
What is the greatest common divisor of 508 and 50419?
127
Calculate the greatest common factor of 6835325 and 25.
25
What is the greatest common divisor of 143 and 4797?
13
What is the greatest common divisor of 46028 and 444?
148
Calculate the highest common divisor of 20 and 1921990.
10
What is the highest common divisor of 16 and 9992?
8
What is the greatest common factor of 115175 and 1084?
271
Calculate the greatest common factor of 67687 and 226.
113
Calculate the greatest common factor of 1317 and 60.
3
What is the highest common divisor of 8 and 1246868?
4
What is the highest common divisor of 4563 and 559?
13
Calculate the highest common divisor of 70 and 872060.
70
What is the highest common divisor of 47922 and 294?
294
What is the greatest common divisor of 4980 and 9765?
15
What is the greatest common divisor of 202 and 734674?
202
Calculate the highest common divisor of 6477 and 24003.
381
Calculate the greatest common factor of 388 and 14356.
388
What is the highest common factor of 253 and 888283?
253
Calculate the greatest common divisor of 720 and 37980.
180
What is the greatest common factor of 665 and 420565?
95
Calculate the greatest common divisor of 1420 and 1704.
284
What is the greatest common factor of 13224 and 2280?
456
What is the greatest common factor of 916 and 15482232?
916
Calculate the highest common factor of 35514 and 54.
18
Calculate the greatest common factor of 120 and 36888.
24
What is the highest common divisor of 52977 and 3?
3
Calculate the greatest common factor of 365 and 775552.
73
What is the greatest common factor of 4543169 and 2378?
1189
What is the greatest common factor of 10647 and 113737?
169
Calculate the highest common factor of 12 and 17624.
4
Calculate the greatest common factor of 1110 and 487845.
555
What is the highest common divisor of 942 and 12?
6
What is the highest common divisor of 1536 and 41280?
192
Calculate the greatest common divisor of 621 and 966.
69
Calculate the greatest common factor of 4158 and 38214.
198
What is the greatest common divisor of 57 and 44156?
19
Calculate the highest common divisor of 330866 and 2888.
38
What is the greatest common factor of 3416 and 23032?
8
What is the gr